{"id":6043,"date":"2020-06-12T13:01:57","date_gmt":"2020-06-12T10:01:57","guid":{"rendered":"https:\/\/www.vakifcan.com\/?page_id=6043"},"modified":"2020-07-06T09:35:06","modified_gmt":"2020-07-06T06:35:06","slug":"online-on-kayit-formu","status":"publish","type":"page","link":"https:\/\/www.vakifcan.com\/index.php\/online-on-kayit-formu\/","title":{"rendered":"Online \u00d6n Kay\u0131t Formu"},"content":{"rendered":"<p>[vc_row][vc_column width=&#8221;1\/2&#8243;][vc_column_text]<em><strong>De\u011ferli Anneler Babalar,<\/strong><\/em><\/p>\n<p><em><strong>Vak\u0131fcan Anaokullar\u0131&#8217;n\u0131 yak\u0131ndan tan\u0131mak ve online g\u00f6r\u00fc\u015fme s\u00fcrecimize kat\u0131lmak i\u00e7in \u00f6n kay\u0131t formunu doldurabilirsiniz. Sorular\u0131n\u0131z i\u00e7in telefon numaralar\u0131m\u0131zdan \u00a0ileti\u015fime ge\u00e7ebilirsiniz.<\/strong><\/em>[\/vc_column_text][\/vc_column][vc_column width=&#8221;1\/2&#8243;][vc_column_text]<b><i>Bizi aray\u0131n:<\/i><\/b><\/p>\n<p>Atakent \u015eubesi: 0530 304 56 46<\/p>\n<p>Ye\u015filk\u00f6y \u015eubesi: 0533 123 41 87[\/vc_column_text][\/vc_column][\/vc_row][vc_row][vc_column width=&#8221;1\/2&#8243;]\n<div class=\"wpcf7 no-js\" id=\"wpcf7-f6042-o1\" lang=\"tr-TR\" dir=\"ltr\" data-wpcf7-id=\"6042\">\n<div class=\"screen-reader-response\"><p role=\"status\" aria-live=\"polite\" aria-atomic=\"true\"><\/p> <ul><\/ul><\/div>\n<form action=\"\/index.php\/wp-json\/wp\/v2\/pages\/6043#wpcf7-f6042-o1\" method=\"post\" class=\"wpcf7-form init\" aria-label=\"\u0130leti\u015fim Formu\" novalidate=\"novalidate\" data-status=\"init\">\n<fieldset class=\"hidden-fields-container\"><input type=\"hidden\" name=\"_wpcf7\" value=\"6042\" \/><input type=\"hidden\" name=\"_wpcf7_version\" value=\"6.1.5\" \/><input type=\"hidden\" name=\"_wpcf7_locale\" value=\"tr_TR\" \/><input type=\"hidden\" name=\"_wpcf7_unit_tag\" value=\"wpcf7-f6042-o1\" \/><input type=\"hidden\" name=\"_wpcf7_container_post\" value=\"0\" \/><input type=\"hidden\" name=\"_wpcf7_posted_data_hash\" value=\"\" \/>\n<\/fieldset>\n<p><label> Ad Soyad<br \/>\n<span class=\"wpcf7-form-control-wrap\" data-name=\"your-name\"><input size=\"40\" maxlength=\"400\" class=\"wpcf7-form-control wpcf7-text wpcf7-validates-as-required\" aria-required=\"true\" aria-invalid=\"false\" value=\"\" type=\"text\" name=\"your-name\" \/><\/span> <\/label>\n<\/p>\n<p><label> Aday \u00d6\u011frenci Ad\u0131 Soyad\u0131<br \/>\n<span class=\"wpcf7-form-control-wrap\" data-name=\"text-ogrenciadi\"><input size=\"40\" maxlength=\"400\" class=\"wpcf7-form-control wpcf7-text\" aria-invalid=\"false\" value=\"\" type=\"text\" name=\"text-ogrenciadi\" \/><\/span> <\/label>\n<\/p>\n<p><label> E-posta adresiniz<br \/>\n<span class=\"wpcf7-form-control-wrap\" data-name=\"your-email\"><input size=\"40\" maxlength=\"400\" class=\"wpcf7-form-control wpcf7-email wpcf7-validates-as-required wpcf7-text wpcf7-validates-as-email\" aria-required=\"true\" aria-invalid=\"false\" value=\"\" type=\"email\" name=\"your-email\" \/><\/span> <\/label>\n<\/p>\n<p><label> Telefon<br \/>\n<span class=\"wpcf7-form-control-wrap\" data-name=\"tel-740\"><input size=\"40\" maxlength=\"400\" class=\"wpcf7-form-control wpcf7-tel wpcf7-validates-as-required wpcf7-text wpcf7-validates-as-tel\" aria-required=\"true\" aria-invalid=\"false\" value=\"\" type=\"tel\" name=\"tel-740\" \/><\/span> <\/label>\n<\/p>\n<p><label> Talep Edilen Okul<br \/>\n<span class=\"wpcf7-form-control-wrap\" data-name=\"menu-419\"><select class=\"wpcf7-form-control wpcf7-select wpcf7-validates-as-required\" aria-required=\"true\" aria-invalid=\"false\" name=\"menu-419\"><option value=\"\">&#8212;L\u00fctfen bir se\u00e7enek se\u00e7in&#8212;<\/option><option value=\"Ye\u015filk\u00f6y \u015eubesi\">Ye\u015filk\u00f6y \u015eubesi<\/option><option value=\"Atakent \u015eubesi\">Atakent \u015eubesi<\/option><\/select><\/span><br \/>\n<\/label><br \/>\n<label> Ba\u015fvurulan S\u0131n\u0131f\/Seviye<br \/>\n<span class=\"wpcf7-form-control-wrap\" data-name=\"menu-sinif\"><select class=\"wpcf7-form-control wpcf7-select wpcf7-validates-as-required\" aria-required=\"true\" aria-invalid=\"false\" name=\"menu-sinif\"><option value=\"Anas\u0131n\u0131f 2 Ya\u015f\">Anas\u0131n\u0131f 2 Ya\u015f<\/option><option value=\"Anas\u0131n\u0131f 3 Ya\u015f\">Anas\u0131n\u0131f 3 Ya\u015f<\/option><option value=\"Anas\u0131n\u0131f 4 Ya\u015f\">Anas\u0131n\u0131f 4 Ya\u015f<\/option><option value=\"Anas\u0131n\u0131f 5 Ya\u015f\">Anas\u0131n\u0131f 5 Ya\u015f<\/option><\/select><\/span><br \/>\n<\/label><br \/>\n<label> Aday \u00d6\u011frenci Do\u011fum Tarihi<br \/>\n<span class=\"wpcf7-form-control-wrap\" data-name=\"text-dogumtarihi\"><input size=\"40\" maxlength=\"400\" class=\"wpcf7-form-control wpcf7-text\" aria-invalid=\"false\" value=\"\" type=\"text\" name=\"text-dogumtarihi\" \/><\/span> <\/label>\n<\/p>\n<p><input class=\"wpcf7-form-control wpcf7-submit has-spinner\" type=\"submit\" value=\"G\u00f6nder\" \/>\n<\/p>\n<div class=\"cf7-cf-turnstile\" style=\"margin-top: 0px; margin-bottom: -15px;\"> <div id=\"cf-turnstile-cf7-4127560608\" class=\"cf-turnstile\" data-sitekey=\"0x4AAAAAACAtZcDJUkfQInkD\" data-theme=\"light\" data-language=\"auto\" data-size=\"normal\" data-retry=\"auto\" data-retry-interval=\"1000\" data-refresh-expired=\"auto\" data-refresh-timeout=\"auto\" data-action=\"contact-form-7\" data-callback=\"turnstileCF7Callback\" data-appearance=\"always\"><\/div> <script>document.addEventListener(\"DOMContentLoaded\", function() { setTimeout(function(){ var e=document.getElementById(\"cf-turnstile-cf7-4127560608\"); if(e&&!e.innerHTML.trim()){turnstile.render(e, {sitekey:\"0x4AAAAAACAtZcDJUkfQInkD\"});} }, 200); });<\/script> <br class=\"cf-turnstile-br cf-turnstile-br-cf7-4127560608\"> <style>#cf-turnstile-cf7-4127560608 { margin-left: -15px; }<\/style> <script>document.addEventListener(\"DOMContentLoaded\",function(){document.querySelectorAll('.wpcf7-form').forEach(function(e){e.addEventListener('submit',function(){if(document.getElementById('cf-turnstile-cf7-4127560608')){setTimeout(function(){turnstile.reset('#cf-turnstile-cf7-4127560608');},1000)}})})});<\/script> <\/div><p style=\"display: none !important;\" class=\"akismet-fields-container\" data-prefix=\"_wpcf7_ak_\"><label>&#916;<textarea name=\"_wpcf7_ak_hp_textarea\" cols=\"45\" rows=\"8\" maxlength=\"100\"><\/textarea><\/label><input type=\"hidden\" id=\"ak_js_1\" name=\"_wpcf7_ak_js\" value=\"244\"\/><script>document.getElementById( \"ak_js_1\" ).setAttribute( \"value\", ( new Date() ).getTime() );<\/script><\/p><div class=\"wpcf7-response-output\" aria-hidden=\"true\"><\/div>\n<\/form>\n<\/div>\n[\/vc_column][vc_column width=&#8221;1\/2&#8243;][vc_single_image image=&#8221;5528&#8243; img_size=&#8221;500&#215;700&#8243;][\/vc_column][\/vc_row]<\/p>\n","protected":false},"excerpt":{"rendered":"<p>[vc_row][vc_column width=&#8221;1\/2&#8243;][vc_column_text]De\u011ferli Anneler Babalar, Vak\u0131fcan Anaokullar\u0131&#8217;n\u0131 yak\u0131ndan tan\u0131mak ve online g\u00f6r\u00fc\u015fme s\u00fcrecimize kat\u0131lmak i\u00e7in \u00f6n kay\u0131t formunu doldurabilirsiniz. Sorular\u0131n\u0131z i\u00e7in telefon numaralar\u0131m\u0131zdan \u00a0ileti\u015fime ge\u00e7ebilirsiniz.[\/vc_column_text][\/vc_column][vc_column width=&#8221;1\/2&#8243;][vc_column_text]Bizi aray\u0131n: Atakent \u015eubesi: 0530 304 56 46 Ye\u015filk\u00f6y \u015eubesi: 0533 123 41 87[\/vc_column_text][\/vc_column][\/vc_row][vc_row][vc_column width=&#8221;1\/2&#8243;][\/vc_column][vc_column width=&#8221;1\/2&#8243;][vc_single_image image=&#8221;5528&#8243; img_size=&#8221;500&#215;700&#8243;][\/vc_column][\/vc_row]<\/p>\n","protected":false},"author":1,"featured_media":0,"parent":0,"menu_order":0,"comment_status":"closed","ping_status":"closed","template":"","meta":{"footnotes":""},"class_list":["post-6043","page","type-page","status-publish","hentry"],"aioseo_notices":[],"_links":{"self":[{"href":"https:\/\/www.vakifcan.com\/index.php\/wp-json\/wp\/v2\/pages\/6043","targetHints":{"allow":["GET"]}}],"collection":[{"href":"https:\/\/www.vakifcan.com\/index.php\/wp-json\/wp\/v2\/pages"}],"about":[{"href":"https:\/\/www.vakifcan.com\/index.php\/wp-json\/wp\/v2\/types\/page"}],"author":[{"embeddable":true,"href":"https:\/\/www.vakifcan.com\/index.php\/wp-json\/wp\/v2\/users\/1"}],"replies":[{"embeddable":true,"href":"https:\/\/www.vakifcan.com\/index.php\/wp-json\/wp\/v2\/comments?post=6043"}],"version-history":[{"count":7,"href":"https:\/\/www.vakifcan.com\/index.php\/wp-json\/wp\/v2\/pages\/6043\/revisions"}],"predecessor-version":[{"id":6051,"href":"https:\/\/www.vakifcan.com\/index.php\/wp-json\/wp\/v2\/pages\/6043\/revisions\/6051"}],"wp:attachment":[{"href":"https:\/\/www.vakifcan.com\/index.php\/wp-json\/wp\/v2\/media?parent=6043"}],"curies":[{"name":"wp","href":"https:\/\/api.w.org\/{rel}","templated":true}]}}